 43. Give a(-4).
3
Let j(a) = -a**2 - 6*a - 1. Suppose 8 = -2*r, 5*d + 4*r - 31 = -92. Suppose -3*n = 2*l + 49, -n + 2*n + 13 = l. Let m = n - d. Calculate j(m).
-1
Let z(k) = -k + 1. Let f(r) = 6*r - 15. Suppose -5*h - 5 = d, 2*d = 3*h - 0*h - 10. Let p(s) = d*z(s) - f(s). Calculate p(5).
5
Suppose -3*g - 17 + 4 = -5*j, -g = 4*j + 10. Let f(d) = d**3 + 5*d**2 - 9*d + 24. Let i be f(-7). Let m = g - i. Let p(n) = -n**2 + 6*n. Calculate p(m).
5
Let r = -798 + 799. Let v(z) = 11*z**3 + z**2 + z - 1. Calculate v(r).
12
Let m(o) = 273 - 2*o + 3*o - 272. What is m(-6)?
-5
Let n(a) = -16*a + 36. Let q(y) = -3*y + 7. Let t(r) = 2*n(r) - 11*q(r). Let o = 42 + -37. Calculate t(o).
0
Let c(b) = -6*b + 10. Let r be c(0). Suppose 3*f - 5*f + r = -3*z, 2*z = -5*f - 32. Let m(h) = h - 1. Calculate m(z).
-7
Let o(h) = 10*h**3 - 3*h + 4*h + 0*h. Suppose 0 = 6*k - 27 - 27. Suppose -6*d - k = -3. Calculate o(d).
-11
Let p(t) = -19*t - 15. Let n(w) = -11*w - 7. Let i(c) = -5*n(c) + 3*p(c). What is i(6)?
-22
Let s(y) be the first derivative of y**4/4 - 2*y**3/3 - 7*y**2/2 - 9*y - 155. Calculate s(4).
-5
Let s = -20 + 17. Let q be (s/2)/((-24)/80). Let u(w) = -3 - 3 + q + 4 - w. What is u(3)?
0
Let c(t) = t + 8. Let a(u) = u - 4. Let x(b) = -3*a(b) - c(b). Calculate x(7).
-24
Let t(h) = h**2 + 19*h - 6. Let v be t(-19). Let k = v - -3. Let m(u) = -1 - 4 - 1 - u. Give m(k).
-3
Let q(u) = -2*u - 3. Let a(z) = z**3 - 20*z**2 - 45*z + 13. Let r be a(22). Calculate q(r).
15
Suppose 0 = -11*o - 387 + 706. Let c(i) = i**2 - 31*i + 49. Calculate c(o).
-9
Let i(z) = -23*z**3 - z**2 + 2*z - 1. Let y(q) = 15*q - 53 - 1 - 10*q. Let p be y(11). What is i(p)?
-23
Let h(b) be the second derivative of b**5/20 + 7*b**4/12 + b**3/2 + 5*b**2/2 + 346*b - 1. Give h(-7).
-16
Let o(d) = -4*d**3 - 5*d**2 - d - 2. Let p(l) = -5*l**3 - 5*l**2 - 3*l - 1. Let i(x) = -4*o(x) + 3*p(x). Determine i(-6).
-1
Let d(t) = t**3 - 5*t**2 - 9*t + 7. Let y(r) = -5*r + 111. Let p be y(21). What is d(p)?
-11
Let n(j) = 5 - 5*j - 7*j + j**2 + 3*j. Let l be (-323)/(-38) + (-2)/(-4)*-1. What is n(l)?
-3
Let g = 29 - 25. Let x(i) = -i**2 + 5*i - 4. Let l be x(g). Let d(t) be the second derivative of t**5/20 - t**3/6 + 2*t**2 + t. Determine d(l).
4
Let r(z) = z**2 + 2*z - 1. Let c(a) = -a + 14 + 9*a - 4*a + a - a**2. Let g(o) = c(o) + 2*r(o). Give g(-6).
-6
Let b(p) = -p**2 - 13*p - 12. Suppose 63 = 67*m - 71*m - 5*y, -42 = 4*m - 2*y. Give b(m).
0
Let m(p) = -p**2 - 6*p - 2. Let d(r) = -2*r**2 - 17*r - 15. Let h be d(-8). Calculate m(h).
-9
Let v(o) = o**2 + 2*o. Suppose 0 = 3*r + 2*r - 25, 2*m = -4*r + 44. Suppose 3*s = 4*u + 17, 3*u + 11 + 4 = 0. Let b be 5*s*m/30. Calculate v(b).
0
Let m(k) = 4*k - 14. Let c(d) = 5*d - 15. Let y = 81 + -115. Let n = -37 - y. Let o(w) = n*c(w) + 4*m(w). Determine o(0).
-11
Suppose -8*k - 95 = -55. Let o(y) = y**2 + 4*y - 12. Calculate o(k).
-7
Suppose 0*b - 12 = -4*b. Let i(c) = 0 + b + c - 2 - 15*c**2 + 0. Calculate i(-1).
-15
Suppose -21*y + 27*y + 30 = 0. Let i(a) = a**2 + 4*a - 4. Determine i(y).
1
Suppose -43 = -5*u - 18. Let s(k) be the first derivative of -5 + 2*k**2 - u*k**2 + 4*k**2 + 7*k - 2*k. What is s(4)?
13
Suppose -5*c = -0 - 40. Let w(a) = -a**3 + 7*a**2 + 10*a - 15. Let b be w(c). Let v(p) = 3*p**3 - p**2 + p. What is v(b)?
3
Let z(h) be the first derivative of -h**5/120 + h**3 - 8. Let s(l) be the third derivative of z(l). Determine s(-5).
5
Let k(i) = i + 2. Suppose -24*x + 3*x - 168 = 0. Suppose 3*n - 5*v = -62, 68 = -4*n - 0*n + 3*v. Let a = x - n. Give k(a).
8
Let r(c) be the first derivative of c**3/3 + 3*c**2 - 4*c - 3. Let d be 6/(-15) - (-24)/10. Suppose 4*k = 4*g - k + 44, -4 = 2*g + d*k. Determine r(g).
-4
Let z be (2/(-6) + (-1)/(-3))/(-1). Let t(n) = -9*n + z*n + 6*n - 3. Determine t(-4).
9
Let b be (-3 - -6) + -16 - -1. Let j(d) = d + 11. Let t be j(b). Let l(f) = 12*f**3 - f - 1. Calculate l(t).
-12
Let q(i) = -2*i - 4. Suppose 5*y - 62 = -3*k, 0 = -2*k - 2*y - 9 + 53. Suppose 20 = -29*f + k*f. Give q(f).
4
Let u(p) = p**2 - 8*p + 18. Let y(h) = 2. Let s(l) = -u(l) + 6*y(l). What is s(8)?
-6
Let k(h) = h**2 + 10*h + 21. Let z be k(-9). Let l(o) = 7*o**2 - o**3 + z + 23*o - 14 - 15*o. Calculate l(8).
-2
Suppose 2*i + h - 22 = 3*h, 53 = 4*i + 5*h. Let u(o) = 2*o - 3 + i - o + 0*o. What is u(0)?
9
Let u(f) = 2*f - 11. Suppose 0 = 13*r - 16 - 36. Suppose -4*y + r*h + 24 = 0, -7 = -y - 3*h + 7. What is u(y)?
5
Let l(y) be the first derivative of -y**4/4 - 5*y**3 - 7*y**2 - 5*y - 24. Give l(-14).
-5
Let h = 231 - 226. Let p(b) = -2*b**2 + 6*b + 5. Give p(h).
-15
Let r(u) = -4*u**2 + 104*u - 30*u - 7*u**3 - 36*u + 8*u**3 - 35*u + 1. Let z be (-1 - 1)/((-4)/6). Calculate r(z).
1
Suppose 2*w - 7*w = 30. Let k(b) = -193 - 5*b**2 - 11*b - b**3 - 2*b**2 + 188 + 4*b. Calculate k(w).
1
Let o(g) = 13*g + 2. Let n(t) = -t - 1. Let z(l) = -4*n(l) - o(l). Let r be z(1). Let w(c) = 0*c + 2*c - 4 + 0*c - 3*c. Give w(r).
3
Let q(o) = 5*o**2 + 14*o - 3. Let b(u) = -8*u**2 - 24*u + 6. Let z(k) = -3*b(k) - 5*q(k). Let n be 16/9 - (-2)/9. What is z(n)?
-3
Let h(j) = 38 - 16 - 16 + 0*j - 3*j. Suppose 5*c - 5*l - 25 = 0, 4*l + 8 - 24 = -5*c. Calculate h(c).
-6
Let y(b) = -5*b + 1. Let m(o) = -2*o. Let g(f) = -5*m(f) + y(f). Let s(n) = n - 4. Let h be s(3). Calculate g(h).
-4
Let h(q) = -q**3 - 4*q**2 + 2*q - 1. Let g be h(-4). Let c be ((-33)/9)/(3/g). Suppose 2*p - 5 = -c. Let i(l) = 2*l. Determine i(p).
-6
Let m(x) be the first derivative of x**4/4 + 5*x**3/3 + 3*x**2 + 2*x - 1274. Suppose -5*d - 31 = -11. Give m(d).
-6
Let t(o) = 9*o**3 - 6*o**2 - 14*o + 12. Let f(y) = -4*y**3 + 3*y**2 + 7*y - 6. Let g(m) = 7*f(m) + 3*t(m). Let p = -369 + 373. Calculate g(p).
6
Let t(y) = 30*y + 779. Let s be t(-26). Let u(b) = -b - 1. What is u(s)?
0
Let r(c) = 2*c + 2 + 3 + 3. Suppose 3*k = -3*l - 18, 15*k + 4*l - 18 = 17*k. Determine r(k).
-6
Let f(r) be the first derivative of r**4/4 + 7*r**3/3 - 10*r - 46. Determine f(-7).
-10
Let f(a) = -a**2 - 8*a + 20. Let c(l) = l**2 - 18*l - 554. Let q be c(-16). What is f(q)?
0
Let y(u) = -5 + u**2 - 6 - 2*u + 4. Determine y(4).
1
Suppose i - 3 = -y, 0 = -4*y - 0*i + 5*i - 15. Suppose w + 3 - 4 = y. Let l(g) = w - 5 + 4 + 1 + 2*g**2. What is l(1)?
3
Let u(l) = l + 0*l + 3 + 0*l. Let g(c) = -c**3 + 6*c**2 + 8*c - 5. Let k be g(7). Suppose 2*h = -3*x + 4, 2 = k*x - 0*x + h. Determine u(x).
3
Let a(w) be the first derivative of -w**2/2 - 10*w - 2. Let q be ((-4)/2)/(4/(-10)). Suppose -4*x - 5*v - 15 - 29 = 0, 0 = q*x - 3*v + 18. Calculate a(x).
-4
Let c(u) = -u**3 + 4*u**2 + 5*u. Let h(i) be the first derivative of -3*i**2 - 13*i + 7. Let l be h(-3). Give c(l).
0
Let b(t) = t**3 + 45*t**2 + 45*t + 40. Let r be b(-44). Let g(s) = s**3 + 4*s**2 + 3*s + 1. Calculate g(r).
-11
Let q(f) = -f**3 + 2*f - 4. Let x be (-10)/(-5)*-1 - (3 + -2). Determine q(x).
17
Let q(y) = 3*y**2 - y - 1. Let l be q(-1). Suppose -l*o + 3 = -3. Let t(r) = -o*r**2 + 0*r**2 - 4*r + 5*r + r. Determine t(2).
-4
Let p be 5/20 - (-310)/40. Let t(h) = h**2 - 9*h + 6. What is t(p)?
-2
Let n(d) = -d + 2. Let r(q) be the third derivative of -1/10*q**5 - 5*q**2 - 5/2*q**3 + 0 + 1/8*q**4 + 1/120*q**6 + 0*q. Let j be r(6). Determine n(j).
-1
Let p(l) be the second derivative of -11*l**5/60 - 17*l**2 - 39*l. Let m(u) be the first derivative of p(u). Give m(-1).
-11
Suppose -3*b + 23 = 4*c + 9, -5*c = -b - 8. Let v(n) be the first derivative of 2 + 0*n + 0*n**3 + 1/2*n**c - n**4. What is v(1)?
-3
Let l(b) = -12 - 3 - b + 15 - b. Give l(-1).
2
Let k(t) = -8 + 2 + 0*t + 3 - 2*t**2 - 2 + 12*t. Give k(5).
5
Suppose 49*u - 28 = 42*u. Let k(h) = 3 - 2 - 1 + 4 - 2*h. Give k(u).
-4
Let c(r) be the first derivative of 3*r**4/2 - 4*r**3 - 3*r**2 - 9*r - 54. Let z(p) = -5*p**3 + 11*p**2 + 5*p + 8. Let y(o) = 6*c(o) + 7*z(o). Calculate y(-5).
7
Suppose 0*k = 3*k. Let n(c) = -c**3 + 4*c**2 + c + k*c**2 + 5*c - 6. Suppose -d = -6*v + 31, 3*v = 8*v + 3*d - 22. Determine n(v).
-1
Let l(j) = j**3 - 12*j**2 + 11*j - 6. Suppose -17*n + 264 = 7*n. Give l(n).
-6
Let q(u) be the first derivative of u**4/4 - 5*u**3/3 - 3*u**2 + 11*u + 587. Give q(6).
11
Let i(k) = -15 - 7 + 1 - 4*k + 17. Determine i(4).
-20
Let v = 231 + -234. Let l(t) = t**3 + 3*t**2 - 4*t - 3. Give l(v).
9
Let k(v) = v**3 + 6*v**2 +